{"id":311,"date":"2022-07-12T19:24:00","date_gmt":"2022-07-12T23:24:00","guid":{"rendered":"https:\/\/mercierracingsaws.com\/?page_id=311"},"modified":"2022-09-21T22:47:25","modified_gmt":"2022-09-22T02:47:25","slug":"les-scies","status":"publish","type":"page","link":"https:\/\/mercierracingsaws.com\/?page_id=311&lang=fr","title":{"rendered":"Les scies"},"content":{"rendered":"\n<h2 class=\"wp-block-heading\">Godendars<\/h2>\n\n\n\n<p>Les scies de Comp\u00e9titions Merciers sont con\u00e7u pour r\u00e9pondre \u00e0 vos attentes..<br>Que ce soit une scie de 2, 3 ou 4 dents, elle recevra les derni\u00e8res trouvailles pour la rendre optimale.<\/p>\n\n\n\n<p>Longueur d&#8217;une scie \u00e0 une personne : 5\u201910\u201d \u00e0 6\u20193\u2033.<br>Longueur d&#8217;une scie \u00e0 deux personnes : 5\u20191\u2033 \u00e0 5\u20198\u2033.<\/p>\n\n\n\n<p>Nos scies peuvent \u00eatre affut\u00e9es plusieurs fois et performer comme une neuve.<br>Si vous poss\u00e9dez une Scie de Comp\u00e9tition Mercier dont vous n&#8217;\u00eates pas satisfaits, contactez-nous.<br>Il est fort probable qu&#8217;elle puisse redevenir performante.<br><br><\/p>\n\n\n\n<figure class=\"wp-block-image is-resized is-style-rounded\"><img loading=\"lazy\" decoding=\"async\" src=\"https:\/\/mercierracingsaws.com\/wp-content\/uploads\/2022\/07\/2dents-1024x768.jpg\" alt=\"\" class=\"wp-image-176\" width=\"512\" height=\"384\" srcset=\"https:\/\/mercierracingsaws.com\/wp-content\/uploads\/2022\/07\/2dents-1024x768.jpg 1024w, https:\/\/mercierracingsaws.com\/wp-content\/uploads\/2022\/07\/2dents-300x225.jpg 300w, https:\/\/mercierracingsaws.com\/wp-content\/uploads\/2022\/07\/2dents-768x576.jpg 768w, https:\/\/mercierracingsaws.com\/wp-content\/uploads\/2022\/07\/2dents-1536x1152.jpg 1536w, https:\/\/mercierracingsaws.com\/wp-content\/uploads\/2022\/07\/2dents-2048x1536.jpg 2048w\" sizes=\"auto, (max-width: 512px) 100vw, 512px\" \/><\/figure>\n\n\n\n<p>2 dents\u2013 Excellente scie pour une ou deux personnes<br>\u2b50\u2b50\u2b50 : Co\u00fbt<br>\u2b50\u2b50\u2b50 : \u00c0 quelle point la scie pardonne les erreurs techniques<br>\u2b50\u2b50\u2b50\u2b50\u2b50 : Performance<br>\u2b50\u2b50\u2b50\u2b50 : Endurance (En sciant du bois de qualit\u00e9 sans n\u0153uds)<br><\/p>\n\n\n\n<figure class=\"wp-block-image is-resized is-style-rounded\"><img loading=\"lazy\" decoding=\"async\" src=\"https:\/\/mercierracingsaws.com\/wp-content\/uploads\/2022\/07\/3dents-1024x768.jpg\" alt=\"\" class=\"wp-image-177\" width=\"512\" height=\"384\" srcset=\"https:\/\/mercierracingsaws.com\/wp-content\/uploads\/2022\/07\/3dents-1024x768.jpg 1024w, https:\/\/mercierracingsaws.com\/wp-content\/uploads\/2022\/07\/3dents-300x225.jpg 300w, https:\/\/mercierracingsaws.com\/wp-content\/uploads\/2022\/07\/3dents-768x576.jpg 768w, https:\/\/mercierracingsaws.com\/wp-content\/uploads\/2022\/07\/3dents-1536x1152.jpg 1536w, https:\/\/mercierracingsaws.com\/wp-content\/uploads\/2022\/07\/3dents-2048x1536.jpg 2048w\" sizes=\"auto, (max-width: 512px) 100vw, 512px\" \/><\/figure>\n\n\n\n<p>3 dents \u2013 Excellente scie pour une personne<br>\u2b50\u2b50\u2b50\u2b50\u2b50 : Co\u00fbt (Mod\u00e8le le plus complexe \u00e0 fabriquer)<br>\u2b50\u2b50\u2b50\u2b50 : \u00c0 quelle point la scie pardonne les erreurs techniques<br>\u2b50\u2b50\u2b50\u2b50\u2b50 : Performance<br>\u2b50\u2b50\u2b50\u2b50 : Endurance (En sciant du bois de qualit\u00e9 sans n\u0153uds)<br><\/p>\n\n\n\n<figure class=\"wp-block-image is-resized is-style-rounded\"><img loading=\"lazy\" decoding=\"async\" src=\"https:\/\/mercierracingsaws.com\/wp-content\/uploads\/2022\/07\/4dents-1024x768.jpg\" alt=\"\" class=\"wp-image-180\" width=\"512\" height=\"384\" srcset=\"https:\/\/mercierracingsaws.com\/wp-content\/uploads\/2022\/07\/4dents-1024x768.jpg 1024w, https:\/\/mercierracingsaws.com\/wp-content\/uploads\/2022\/07\/4dents-300x225.jpg 300w, https:\/\/mercierracingsaws.com\/wp-content\/uploads\/2022\/07\/4dents-768x576.jpg 768w, https:\/\/mercierracingsaws.com\/wp-content\/uploads\/2022\/07\/4dents-1536x1152.jpg 1536w, https:\/\/mercierracingsaws.com\/wp-content\/uploads\/2022\/07\/4dents.jpg 2016w\" sizes=\"auto, (max-width: 512px) 100vw, 512px\" \/><\/figure>\n\n\n\n<p>4 dents \u2013 Excellente scie pour une ou deux personnes<br>\u2b50\u2b50\u2b50 : Co\u00fbt<br>\u2b50\u2b50\u2b50\u2b50\u2b50 : \u00c0 quelle point la scie pardonne les erreurs techniques<br>\u2b50\u2b50\u2b50\u2b50 : Performance<br>\u2b50\u2b50\u2b50\u2b50\u2b50 : Endurance (En sciant du bois de qualit\u00e9 sans n\u0153uds)<br><\/p>\n\n\n\n<figure class=\"wp-block-image is-style-rounded\"><img loading=\"lazy\" decoding=\"async\" width=\"1024\" height=\"579\" src=\"https:\/\/mercierracingsaws.com\/wp-content\/uploads\/2022\/07\/dave01-1024x579.webp\" alt=\"\" class=\"wp-image-261\" srcset=\"https:\/\/mercierracingsaws.com\/wp-content\/uploads\/2022\/07\/dave01-1024x579.webp 1024w, https:\/\/mercierracingsaws.com\/wp-content\/uploads\/2022\/07\/dave01-300x170.webp 300w, https:\/\/mercierracingsaws.com\/wp-content\/uploads\/2022\/07\/dave01-768x434.webp 768w, https:\/\/mercierracingsaws.com\/wp-content\/uploads\/2022\/07\/dave01-1536x868.webp 1536w, https:\/\/mercierracingsaws.com\/wp-content\/uploads\/2022\/07\/dave01.webp 1798w\" sizes=\"auto, (max-width: 1024px) 100vw, 1024px\" \/><figcaption><em><sub>Des champions de calibre mondial tel que Dave Jewett utilisent des Scies de Comp\u00e9tition Mercier<\/sub><\/em><\/figcaption><\/figure>\n","protected":false},"excerpt":{"rendered":"<p>Godendars Les scies de Comp\u00e9titions Merciers sont con\u00e7u pour r\u00e9pondre \u00e0 vos attentes..Que ce soit une scie de 2, 3 ou 4 dents, elle recevra les derni\u00e8res trouvailles pour la rendre optimale. Longueur d&#8217;une scie \u00e0 une personne : 5\u201910\u201d \u00e0 6\u20193\u2033.Longueur d&#8217;une scie \u00e0 deux personnes : 5\u20191\u2033 \u00e0 5\u20198\u2033. Nos scies peuvent \u00eatre [&hellip;]<\/p>\n","protected":false},"author":1,"featured_media":0,"parent":0,"menu_order":0,"comment_status":"closed","ping_status":"open","template":"","meta":{"iawp_total_views":140,"footnotes":""},"class_list":["post-311","page","type-page","status-publish","hentry"],"_links":{"self":[{"href":"https:\/\/mercierracingsaws.com\/index.php?rest_route=\/wp\/v2\/pages\/311","targetHints":{"allow":["GET"]}}],"collection":[{"href":"https:\/\/mercierracingsaws.com\/index.php?rest_route=\/wp\/v2\/pages"}],"about":[{"href":"https:\/\/mercierracingsaws.com\/index.php?rest_route=\/wp\/v2\/types\/page"}],"author":[{"embeddable":true,"href":"https:\/\/mercierracingsaws.com\/index.php?rest_route=\/wp\/v2\/users\/1"}],"replies":[{"embeddable":true,"href":"https:\/\/mercierracingsaws.com\/index.php?rest_route=%2Fwp%2Fv2%2Fcomments&post=311"}],"version-history":[{"count":6,"href":"https:\/\/mercierracingsaws.com\/index.php?rest_route=\/wp\/v2\/pages\/311\/revisions"}],"predecessor-version":[{"id":382,"href":"https:\/\/mercierracingsaws.com\/index.php?rest_route=\/wp\/v2\/pages\/311\/revisions\/382"}],"wp:attachment":[{"href":"https:\/\/mercierracingsaws.com\/index.php?rest_route=%2Fwp%2Fv2%2Fmedia&parent=311"}],"curies":[{"name":"wp","href":"https:\/\/api.w.org\/{rel}","templated":true}]}}